4*o**2 + 4*o - 6. Let f = -4 - -8. What is the remainder when q(4) is divided by f?
2
Let v = 17 + -7. Let y be (-12)/5*(-125)/v. Let g = y - -16. Calculate the remainder when g is divided by 16.
14
Suppose 3*k = -k + 44. Let c = 18 - k. Suppose 40 = 3*h + 4*t, 0 = 2*h - 3*t + 4*t - 35. What is the remainder when h is divided by c?
6
Suppose 0 = -z + 5*z - 36. Suppose -z - 1 = -a. Suppose -4*c - 8 = -24. Calculate the remainder when a is divided by c.
2
Suppose 0 = -3*g + 4*u + 43, -5*g + u + 70 = -4*u. Let r(h) = -3*h**2 + 0 - 4 + 4*h**2. What is the remainder when g is divided by r(3)?
3
Let z be (-3)/(-6) + (-9)/(-2). Suppose 5*i - 2*s - 113 = 0, 0 = z*i - 3*i + 3*s - 30. Calculate the remainder when 62 is divided by i.
20
Suppose 4*p + b = 84, p + 2*b - 84 = -3*p. What is the remainder when 62 is divided by p?
20
Let h be (-1)/(-1) - (-28)/7. Suppose -h*p - p = -30. Calculate the remainder when 8 is divided by p.
3
Let z(a) = 2*a + 19. Calculate the remainder when z(17) is divided by 27.
26
Let z be 2*-33*(-2)/(-3). Let s = z - -101. What is the remainder when s is divided by 15?
12
Let r = 10 + -1. Calculate the remainder when 24 is divided by r.
6
Calculate the remainder when 27 is divided by 341/55 - ((-18)/10 - -2).
3
Let p = 21 + 17. What is the remainder when 112 is divided by p?
36
Calculate the remainder when 6/4*(1 + 33) is divided by 13.
12
What is the remainder when 2/((-80)/41 - -2) is divided by 14?
13
Calculate the remainder when 29 is divided by 33/4 - (-2)/(-8).
5
Let f be -1*(-1)/(-3)*3. Let p(b) = 0*b**2 + b**2 - 11*b**3 - 3*b**3 - 8*b**3. What is the remainder when p(f) is divided by 12?
11
Let x(w) = w**3 - 4*w**2 + 5*w - 6. Let t be x(3). Suppose s - 1 - 3 = 0. Suppose s*q - 6 - 38 = t. What is the remainder when 31 is divided by q?
9
Let f = -10 - -8. Calculate the remainder when 39 is divided by (-3)/f*80/12.
9
Let r(w) = w**3 + 8*w**2 + 2*w - 12. What is the remainder when 43 is divided by r(-7)?
20
Suppose 2*j = 3*r - 429, 3*r + 0*r + 5*j - 429 = 0. What is the remainder when r is divided by 24?
23
Suppose -6*h + 4 + 26 = 0. What is the remainder when 17 is divided by h?
2
Suppose 7*v = 12*v - 650. Calculate the remainder when v is divided by 66.
64
Let l(p) = -p**3 - 5*p**2 + 3*p - 8. Let q(i) be the second derivative of -5*i**3/6 - 6*i**2 - 6*i. Calculate the remainder when q(-8) is divided by l(-6).
8
Let n = 116 + -97. Let o(r) = -r + 4. What is the remainder when n is divided by o(-3)?
5
Let d(b) = -b**3 + b**2 + 8. Suppose -4*n - 3*s - s - 8 = 0, 26 = 3*n - 5*s. Let h be (3 - 3)*n/(-4). What is the remainder when d(h) is divided by 5?
3
Let y = 7 - 11. Let t be 1/(-2)*(0 - -4). Let m = t - y. Calculate the remainder when 5 is divided by m.
1
Let v = 6 + -6. Suppose v*q - q = -11. Calculate the remainder when 31 is divided by q.
9
Let x(v) = -v**2 - 2*v + 6. Let w(r) = -2*r**2 - 5*r + 12. Let t(u) = 3*w(u) - 5*x(u). Calculate the remainder when t(-5) is divided by 3.
0
Let b(s) = -s**2 - s + 80. Let v be b(0). Suppose 0 = -r + 6*r - v. Calculate the remainder when 63 is divided by r.
15
Let b = 21 + -12. Let n = -1 + b. Calculate the remainder when n is divided by 3.
2
Suppose 4*t + 3 = -1. What is the remainder when (130/(-25))/(t/5) is divided by 7?
5
What is the remainder when 15 is divided by (81/(-45))/(1/(-5))?
6
Suppose d = -6 + 13. Suppose 140 = 3*l - d*l. Let g = l + 72. What is the remainder when g is divided by 19?
18
Suppose -5*b - 18 = -288. Suppose -4*x = 14 - b. Suppose 4*j - 26 = 2*r, -j = -2*r - 12 - 2. Calculate the remainder when x is divided by j.
2
Let m(o) = -3*o**2 - 2*o + 7. Let l be m(-5). What is the remainder when (-1 + l - 2)/(-1) is divided by 16?
13
What is the remainder when (-679)/(-63) + (-4)/(-18) is divided by 3?
2
Let z(b) = b**2 - 6*b + 1. Let c be z(4). Suppose -3*q + 2 + 4 = 0. Calculate the remainder when 3 is divided by c/(-3) - q/(-3).
0
Let s(u) = 2*u + 15. Let g be s(11). Suppose 0*n = 3*y - 2*n - 141, -y + 4*n = -g. What is the remainder when y is divided by 4/10 - (-166)/10?
15
Let n = -4 - -10. Let w(u) = u**2 - 4*u + 2. Let r = -3 - -11. What is the remainder when w(n) is divided by r?
6
Suppose -56 = -6*h + 4*h. What is the remainder when 54 is divided by h?
26
Suppose 2*w - 81 = w - 5*c, -4*w + 5*c = -274. Let k(v) = -v**2 - 11*v. Calculate the remainder when w is divided by k(-9).
17
Let j(l) = l**2 - 4*l - 58. Let t be ((-16)/10)/(1/(-10)). Suppose 4*a - 4 = t. Calculate the remainder when a is divided by j(-6).
1
Suppose 0 = 10*y - 13*y + 81. Calculate the remainder when y is divided by 4.
3
Let t = 19 - 6. Suppose p + 239 = 5*o + 3*p, 2*o - 104 = 2*p. What is the remainder when o is divided by t?
10
Suppose -j + 15 = 4*j. Let f be 0 + (-2)/2 - -8. Let l = -3 + f. Calculate the remainder when l is divided by j.
1
Suppose -p + 7 = 3*l - 43, -2*p - l + 75 = 0. Calculate the remainder when p is divided by 13.
9
Let w = -5 + 17. Calculate the remainder when w is divided by 7.
5
Let r = 177 + -156. Calculate the remainder when r is divided by 17.
4
Suppose 4*y - y = 9. Let k be -1 + (-2 - 0)*2. Let x = 7 + k. What is the remainder when y is divided by x?
1
Let o(c) = c**3 + 11*c**2 + 10*c + 11. What is the remainder when o(-10) is divided by 3?
2
Let l = -10 - -29. What is the remainder when l is divided by 11?
8
Let b(m) = m**3 - 21*m**2 - m + 26. What is the remainder when b(21) is divided by 1?
0
Let j be 2/11 - 1770/(-66). Let h = -12 + j. Let g = 107 - 64. What is the remainder when g is divided by h?
13
Let s(d) = 4*d**2 - 6 - 3*d**2 - d + 72. Let t = -25 - -42. Calculate the remainder when s(0) is divided by t.
15
Let f(m) = -m**2 + 5*m. Suppose 0 = -3*n - 0*b - 3*b, 2*b + 12 = n. Calculate the remainder when 6 is divided by f(n).
2
Let l(d) = d**3 + 6*d**2 + 2*d + 4. What is the remainder when l(-4) is divided by 10?
8
Let l = 11 + -4. Suppose 2*o - 70 = -16. Let h = o + -14. What is the remainder when h is divided by l?
6
Suppose 9 - 49 = -4*t + 4*x, -4*x - 53 = -5*t. Let v = 32 - -88. Suppose y - v = -4*y. What is the remainder when y is divided by t?
11
Let w(d) = 7*d + 74. Calculate the remainder when w(19) is divided by 35.
32
Let n be (0 + -1)/((-5)/90). Suppose 2*p - n = -3*y, -5*p + 51 = 3*y - 3. What is the remainder when 22 is divided by p?
10
Let b = -5 + 7. Calculate the remainder when 39 is divided by (-35)/(-20)*b*4.
11
Suppose -8*o - o = -1269. What is the remainder when o is divided by 36?
33
Suppose -5*c - 8 = -63. Calculate the remainder when 49 is divided by c.
5
Let c = -13 + 18. What is the remainder when 6 is divided by c?
1
Let w = -20 + 36. Calculate the remainder when 45 is divided by w.
13
Suppose -4*a = -4*s - 36, 2*s - 3*s + 3 = 0. Suppose -r + 2*r = 0. Suppose r*h - 33 = -h. What is the remainder when h is divided by a?
9
Suppose 2*n + 18 = 3*n. Let w = 22 + 12. Calculate the remainder when w is divided by n.
16
Suppose 5*l = 5*d + 436 + 69, -4*l - 3*d + 418 = 0. What is the remainder when l is divided by 27?
22
Let s = -21 - -53. Let a be (-6)/(-10) + 3/(-5). Suppose a = -k - 0*k + 11. Calculate the remainder when s is divided by k.
10
Calculate the remainder when ((-5)/15)/((-2)/162) is divided by 11.
5
Let u(b) = b**3 - 4*b**2 + 7*b - 6. Let l be -4 + 1 - (-1 + -6). What is the remainder when u(l) is divided by 8?
6
Let i(h) = h**3 - 6*h**2 + h - 14. Let f be i(6). Let b be -2 + 2 + 2 + -24. Let m = f - b. Calculate the remainder when 41 is divided by m.
13
Suppose 5*g + 48 = -c, -g = 2*g + 3*c + 36. Let q be (-12)/g*6/4. Suppose q*f - 21 = -f. Calculate the remainder when 27 is divided by f.
6
Let k(r) = 9*r**2 + 3*r + 2. Let q(f) = -8*f**2 - 3*f - 2. Let x(u) = -6*k(u) - 7*q(u). What is the remainder when 11 is divided by x(-2)?
3
Let z(h) = h - 7. Let b be z(10). Suppose -33 + 9 = -b*u. What is the remainder when u is divided by 2/(-3) - 51/(-9)?
3
Suppose 8*c + 864 = 4*c. Suppose -3*b = -3*j - 39, b + 4*j = 24 + 14. What is the remainder when b is divided by c/(-42) - (-2)/(-14)?
3
Let w(g) = 4*g**2 - 11*g + 22. What is the remainder when w(7) is divided by 12?
9
Let r = 1 - 3. Let x = r - -1. What is the remainder when 40 is divided by (7*2)/(x - -2)?
12
Suppose -4*p + 21 = -7. Suppose -3*l - 4 = -p*l. Let t = 13 